{"id":38363,"date":"2026-02-26T12:16:00","date_gmt":"2026-02-26T11:16:00","guid":{"rendered":"https:\/\/www.redegal.com\/?post_type=eventos&#038;p=38363"},"modified":"2026-02-26T12:16:06","modified_gmt":"2026-02-26T11:16:06","slug":"redegal-forinvest","status":"publish","type":"eventos","link":"https:\/\/www.redegal.com\/es\/eventos\/redegal-forinvest\/","title":{"rendered":"Redegal en Forinvest 2026"},"content":{"rendered":"\n<p><strong>Redegal<\/strong> estar\u00e1 presente en <strong>Forinvest 2026<\/strong>, el mayor espacio de networking financiero-empresarial de Espa\u00f1a, que se celebrar\u00e1 los d\u00edas 11 y 12 de marzo en <strong>Feria Valencia<\/strong>. La compa\u00f1\u00eda contar\u00e1 con un espacio propio en el <strong>stand 17<\/strong>, punto de encuentro para compartir su visi\u00f3n y analizar su posicionamiento en el mercado burs\u00e1til.<\/p>\n\n\n\n<p>El 12 de marzo a las 12:30h, <strong>Jorge V\u00e1zquez<\/strong>, socio fundador y presidente ejecutivo, participar\u00e1 en la mesa redonda <em>\u201cLa Bolsa como alternativa de financiaci\u00f3n. Convi\u00e9rtete en cotizada, accede a una nueva dimensi\u00f3n\u201d<\/em>, donde abordar\u00e1 el papel de los mercados de capitales como palanca estrat\u00e9gica y el recorrido de la compa\u00f1\u00eda desde <strong>BME Scaleup<\/strong> hasta <strong>BME Growth<\/strong>.<\/p>\n\n\n\n<p>Redegal acude al evento en un contexto de revalorizaci\u00f3n burs\u00e1til y crecimiento sostenido. Seg\u00fan el avance de resultados no auditados, cerr\u00f3 2025 con una facturaci\u00f3n de <strong>16,6 millones de euros<\/strong>, un <strong>20% m\u00e1s<\/strong> que el a\u00f1o anterior, consolidando su estrategia y su expansi\u00f3n en el mercado.<\/p>\n","protected":false},"featured_media":38368,"template":"","class_list":["post-38363","eventos","type-eventos","status-publish","has-post-thumbnail","hentry"],"acf":[],"yoast_head":"<!-- This site is optimized with the Yoast SEO plugin v26.6 - https:\/\/yoast.com\/wordpress\/plugins\/seo\/ -->\n<title>Redegal en Forinvest 2026 - Redegal<\/title>\n<meta name=\"description\" content=\"Redegal estar\u00e1 en Forinvest el pr\u00f3ximo 11 y 12 de marzo en Feria de Valencia. \u00a1Te esperamos all\u00ed para conocer nuestro posicionamiento en el mercado burs\u00e1til!\" \/>\n<meta name=\"robots\" content=\"index, follow, max-snippet:-1, max-image-preview:large, max-video-preview:-1\" \/>\n<link rel=\"canonical\" href=\"https:\/\/www.redegal.com\/es\/eventos\/redegal-forinvest\/\" \/>\n<meta property=\"og:locale\" content=\"es_ES\" \/>\n<meta property=\"og:type\" content=\"article\" \/>\n<meta property=\"og:title\" content=\"Redegal en Forinvest 2026 - Redegal\" \/>\n<meta property=\"og:description\" content=\"Redegal estar\u00e1 en Forinvest el pr\u00f3ximo 11 y 12 de marzo en Feria de Valencia. \u00a1Te esperamos all\u00ed para conocer nuestro posicionamiento en el mercado burs\u00e1til!\" \/>\n<meta property=\"og:url\" content=\"https:\/\/www.redegal.com\/es\/eventos\/redegal-forinvest\/\" \/>\n<meta property=\"og:site_name\" content=\"Redegal\" \/>\n<meta property=\"article:publisher\" content=\"https:\/\/facebook.com\/Redegal\/\" \/>\n<meta property=\"article:modified_time\" content=\"2026-02-26T11:16:06+00:00\" \/>\n<meta property=\"og:image\" content=\"https:\/\/www.redegal.com\/wp-content\/uploads\/2026\/02\/Linkedin-post-26-02-scaled.png\" \/>\n\t<meta property=\"og:image:width\" content=\"2560\" \/>\n\t<meta property=\"og:image:height\" content=\"1440\" \/>\n\t<meta property=\"og:image:type\" content=\"image\/png\" \/>\n<meta name=\"twitter:card\" content=\"summary_large_image\" \/>\n<meta name=\"twitter:label1\" content=\"Tiempo de lectura\" \/>\n\t<meta name=\"twitter:data1\" content=\"1 minuto\" \/>\n<script type=\"application\/ld+json\" class=\"yoast-schema-graph\">{\"@context\":\"https:\/\/schema.org\",\"@graph\":[{\"@type\":\"WebPage\",\"@id\":\"https:\/\/www.redegal.com\/es\/eventos\/redegal-forinvest\/\",\"url\":\"https:\/\/www.redegal.com\/es\/eventos\/redegal-forinvest\/\",\"name\":\"Redegal en Forinvest 2026 - Redegal\",\"isPartOf\":{\"@id\":\"https:\/\/www.redegal.com\/es\/#website\"},\"primaryImageOfPage\":{\"@id\":\"https:\/\/www.redegal.com\/es\/eventos\/redegal-forinvest\/#primaryimage\"},\"image\":{\"@id\":\"https:\/\/www.redegal.com\/es\/eventos\/redegal-forinvest\/#primaryimage\"},\"thumbnailUrl\":\"https:\/\/www.redegal.com\/wp-content\/uploads\/2026\/02\/Linkedin-post-26-02-scaled.png\",\"datePublished\":\"2026-02-26T11:16:00+00:00\",\"dateModified\":\"2026-02-26T11:16:06+00:00\",\"description\":\"Redegal estar\u00e1 en Forinvest el pr\u00f3ximo 11 y 12 de marzo en Feria de Valencia. \u00a1Te esperamos all\u00ed para conocer nuestro posicionamiento en el mercado burs\u00e1til!\",\"breadcrumb\":{\"@id\":\"https:\/\/www.redegal.com\/es\/eventos\/redegal-forinvest\/#breadcrumb\"},\"inLanguage\":\"es\",\"potentialAction\":[{\"@type\":\"ReadAction\",\"target\":[\"https:\/\/www.redegal.com\/es\/eventos\/redegal-forinvest\/\"]}]},{\"@type\":\"ImageObject\",\"inLanguage\":\"es\",\"@id\":\"https:\/\/www.redegal.com\/es\/eventos\/redegal-forinvest\/#primaryimage\",\"url\":\"https:\/\/www.redegal.com\/wp-content\/uploads\/2026\/02\/Linkedin-post-26-02-scaled.png\",\"contentUrl\":\"https:\/\/www.redegal.com\/wp-content\/uploads\/2026\/02\/Linkedin-post-26-02-scaled.png\",\"width\":2560,\"height\":1440},{\"@type\":\"BreadcrumbList\",\"@id\":\"https:\/\/www.redegal.com\/es\/eventos\/redegal-forinvest\/#breadcrumb\",\"itemListElement\":[{\"@type\":\"ListItem\",\"position\":1,\"name\":\"Home\",\"item\":\"https:\/\/www.redegal.com\/es\/\"},{\"@type\":\"ListItem\",\"position\":2,\"name\":\"Eventos\",\"item\":\"https:\/\/www.redegal.com\/es\/eventos\/\"},{\"@type\":\"ListItem\",\"position\":3,\"name\":\"Redegal en Forinvest 2026\"}]},{\"@type\":\"WebSite\",\"@id\":\"https:\/\/www.redegal.com\/es\/#website\",\"url\":\"https:\/\/www.redegal.com\/es\/\",\"name\":\"Redegal\",\"description\":\"\",\"publisher\":{\"@id\":\"https:\/\/www.redegal.com\/es\/#organization\"},\"potentialAction\":[{\"@type\":\"SearchAction\",\"target\":{\"@type\":\"EntryPoint\",\"urlTemplate\":\"https:\/\/www.redegal.com\/es\/?s={search_term_string}\"},\"query-input\":{\"@type\":\"PropertyValueSpecification\",\"valueRequired\":true,\"valueName\":\"search_term_string\"}}],\"inLanguage\":\"es\"},{\"@type\":\"Organization\",\"@id\":\"https:\/\/www.redegal.com\/es\/#organization\",\"name\":\"Redegal\",\"url\":\"https:\/\/www.redegal.com\/es\/\",\"logo\":{\"@type\":\"ImageObject\",\"inLanguage\":\"es\",\"@id\":\"https:\/\/www.redegal.com\/es\/#\/schema\/logo\/image\/\",\"url\":\"https:\/\/www.redegal.com\/wp-content\/uploads\/2025\/05\/Logo-Redegal.svg\",\"contentUrl\":\"https:\/\/www.redegal.com\/wp-content\/uploads\/2025\/05\/Logo-Redegal.svg\",\"width\":\"1024\",\"height\":\"1024\",\"caption\":\"Redegal\"},\"image\":{\"@id\":\"https:\/\/www.redegal.com\/es\/#\/schema\/logo\/image\/\"},\"sameAs\":[\"https:\/\/facebook.com\/Redegal\/\",\"https:\/\/www.instagram.com\/_redegal\/\",\"https:\/\/www.linkedin.com\/company\/redegal\/\",\"https:\/\/www.youtube.com\/channel\/UCDXwbtEULPIYV2I1ugDzeUw\",\"https:\/\/x.com\/redegal\"]}]}<\/script>\n<!-- \/ Yoast SEO plugin. -->","yoast_head_json":{"title":"Redegal en Forinvest 2026 - Redegal","description":"Redegal estar\u00e1 en Forinvest el pr\u00f3ximo 11 y 12 de marzo en Feria de Valencia. \u00a1Te esperamos all\u00ed para conocer nuestro posicionamiento en el mercado burs\u00e1til!","robots":{"index":"index","follow":"follow","max-snippet":"max-snippet:-1","max-image-preview":"max-image-preview:large","max-video-preview":"max-video-preview:-1"},"canonical":"https:\/\/www.redegal.com\/es\/eventos\/redegal-forinvest\/","og_locale":"es_ES","og_type":"article","og_title":"Redegal en Forinvest 2026 - Redegal","og_description":"Redegal estar\u00e1 en Forinvest el pr\u00f3ximo 11 y 12 de marzo en Feria de Valencia. \u00a1Te esperamos all\u00ed para conocer nuestro posicionamiento en el mercado burs\u00e1til!","og_url":"https:\/\/www.redegal.com\/es\/eventos\/redegal-forinvest\/","og_site_name":"Redegal","article_publisher":"https:\/\/facebook.com\/Redegal\/","article_modified_time":"2026-02-26T11:16:06+00:00","og_image":[{"width":2560,"height":1440,"url":"https:\/\/www.redegal.com\/wp-content\/uploads\/2026\/02\/Linkedin-post-26-02-scaled.png","type":"image\/png"}],"twitter_card":"summary_large_image","twitter_misc":{"Tiempo de lectura":"1 minuto"},"schema":{"@context":"https:\/\/schema.org","@graph":[{"@type":"WebPage","@id":"https:\/\/www.redegal.com\/es\/eventos\/redegal-forinvest\/","url":"https:\/\/www.redegal.com\/es\/eventos\/redegal-forinvest\/","name":"Redegal en Forinvest 2026 - Redegal","isPartOf":{"@id":"https:\/\/www.redegal.com\/es\/#website"},"primaryImageOfPage":{"@id":"https:\/\/www.redegal.com\/es\/eventos\/redegal-forinvest\/#primaryimage"},"image":{"@id":"https:\/\/www.redegal.com\/es\/eventos\/redegal-forinvest\/#primaryimage"},"thumbnailUrl":"https:\/\/www.redegal.com\/wp-content\/uploads\/2026\/02\/Linkedin-post-26-02-scaled.png","datePublished":"2026-02-26T11:16:00+00:00","dateModified":"2026-02-26T11:16:06+00:00","description":"Redegal estar\u00e1 en Forinvest el pr\u00f3ximo 11 y 12 de marzo en Feria de Valencia. \u00a1Te esperamos all\u00ed para conocer nuestro posicionamiento en el mercado burs\u00e1til!","breadcrumb":{"@id":"https:\/\/www.redegal.com\/es\/eventos\/redegal-forinvest\/#breadcrumb"},"inLanguage":"es","potentialAction":[{"@type":"ReadAction","target":["https:\/\/www.redegal.com\/es\/eventos\/redegal-forinvest\/"]}]},{"@type":"ImageObject","inLanguage":"es","@id":"https:\/\/www.redegal.com\/es\/eventos\/redegal-forinvest\/#primaryimage","url":"https:\/\/www.redegal.com\/wp-content\/uploads\/2026\/02\/Linkedin-post-26-02-scaled.png","contentUrl":"https:\/\/www.redegal.com\/wp-content\/uploads\/2026\/02\/Linkedin-post-26-02-scaled.png","width":2560,"height":1440},{"@type":"BreadcrumbList","@id":"https:\/\/www.redegal.com\/es\/eventos\/redegal-forinvest\/#breadcrumb","itemListElement":[{"@type":"ListItem","position":1,"name":"Home","item":"https:\/\/www.redegal.com\/es\/"},{"@type":"ListItem","position":2,"name":"Eventos","item":"https:\/\/www.redegal.com\/es\/eventos\/"},{"@type":"ListItem","position":3,"name":"Redegal en Forinvest 2026"}]},{"@type":"WebSite","@id":"https:\/\/www.redegal.com\/es\/#website","url":"https:\/\/www.redegal.com\/es\/","name":"Redegal","description":"","publisher":{"@id":"https:\/\/www.redegal.com\/es\/#organization"},"potentialAction":[{"@type":"SearchAction","target":{"@type":"EntryPoint","urlTemplate":"https:\/\/www.redegal.com\/es\/?s={search_term_string}"},"query-input":{"@type":"PropertyValueSpecification","valueRequired":true,"valueName":"search_term_string"}}],"inLanguage":"es"},{"@type":"Organization","@id":"https:\/\/www.redegal.com\/es\/#organization","name":"Redegal","url":"https:\/\/www.redegal.com\/es\/","logo":{"@type":"ImageObject","inLanguage":"es","@id":"https:\/\/www.redegal.com\/es\/#\/schema\/logo\/image\/","url":"https:\/\/www.redegal.com\/wp-content\/uploads\/2025\/05\/Logo-Redegal.svg","contentUrl":"https:\/\/www.redegal.com\/wp-content\/uploads\/2025\/05\/Logo-Redegal.svg","width":"1024","height":"1024","caption":"Redegal"},"image":{"@id":"https:\/\/www.redegal.com\/es\/#\/schema\/logo\/image\/"},"sameAs":["https:\/\/facebook.com\/Redegal\/","https:\/\/www.instagram.com\/_redegal\/","https:\/\/www.linkedin.com\/company\/redegal\/","https:\/\/www.youtube.com\/channel\/UCDXwbtEULPIYV2I1ugDzeUw","https:\/\/x.com\/redegal"]}]}},"_links":{"self":[{"href":"https:\/\/www.redegal.com\/es\/wp-json\/wp\/v2\/eventos\/38363","targetHints":{"allow":["GET"]}}],"collection":[{"href":"https:\/\/www.redegal.com\/es\/wp-json\/wp\/v2\/eventos"}],"about":[{"href":"https:\/\/www.redegal.com\/es\/wp-json\/wp\/v2\/types\/eventos"}],"wp:featuredmedia":[{"embeddable":true,"href":"https:\/\/www.redegal.com\/es\/wp-json\/wp\/v2\/media\/38368"}],"wp:attachment":[{"href":"https:\/\/www.redegal.com\/es\/wp-json\/wp\/v2\/media?parent=38363"}],"curies":[{"name":"wp","href":"https:\/\/api.w.org\/{rel}","templated":true}]}}

<p><strong>Redegal</strong> estará presente en <strong>Forinvest 2026</strong>, el mayor espacio de networking financiero-empresarial de España, que se celebrará los días 11 y 12 de marzo en <strong>Feria Valencia</strong>. La compañía contará con un espacio propio en el <strong>stand 17</strong>, punto de encuentro para compartir su visión y analizar su posicionamiento en el mercado bursátil.</p>



<p>El 12 de marzo a las 12:30h, <strong>Jorge Vázquez</strong>, socio fundador y presidente ejecutivo, participará en la mesa redonda <em>“La Bolsa como alternativa de financiación. Conviértete en cotizada, accede a una nueva dimensión”</em>, donde abordará el papel de los mercados de capitales como palanca estratégica y el recorrido de la compañía desde <strong>BME Scaleup</strong> hasta <strong>BME Growth</strong>.</p>



<p>Redegal acude al evento en un contexto de revalorización bursátil y crecimiento sostenido. Según el avance de resultados no auditados, cerró 2025 con una facturación de <strong>16,6 millones de euros</strong>, un <strong>20% más</strong> que el año anterior, consolidando su estrategia y su expansión en el mercado.</p>

<!-- This site is optimized with the Yoast SEO plugin v26.6 - https://yoast.com/wordpress/plugins/seo/ -->
<title>Redegal en Forinvest 2026 - Redegal</title>
<meta name="description" content="Redegal estará en Forinvest el próximo 11 y 12 de marzo en Feria de Valencia. ¡Te esperamos allí para conocer nuestro posicionamiento en el mercado bursátil!" />
<meta name="robots" content="index, follow, max-snippet:-1, max-image-preview:large, max-video-preview:-1" />
<link rel="canonical" href="https://www.redegal.com/es/eventos/redegal-forinvest/" />
<meta property="og:locale" content="es_ES" />
<meta property="og:type" content="article" />
<meta property="og:title" content="Redegal en Forinvest 2026 - Redegal" />
<meta property="og:description" content="Redegal estará en Forinvest el próximo 11 y 12 de marzo en Feria de Valencia. ¡Te esperamos allí para conocer nuestro posicionamiento en el mercado bursátil!" />
<meta property="og:url" content="https://www.redegal.com/es/eventos/redegal-forinvest/" />
<meta property="og:site_name" content="Redegal" />
<meta property="article:publisher" content="https://facebook.com/Redegal/" />
<meta property="article:modified_time" content="2026-02-26T11:16:06+00:00" />
<meta property="og:image" content="https://www.redegal.com/wp-content/uploads/2026/02/Linkedin-post-26-02-scaled.png" />
	<meta property="og:image:width" content="2560" />
	<meta property="og:image:height" content="1440" />
	<meta property="og:image:type" content="image/png" />
<meta name="twitter:card" content="summary_large_image" />
<meta name="twitter:label1" content="Tiempo de lectura" />
	<meta name="twitter:data1" content="1 minuto" />
<script type="application/ld+json" class="yoast-schema-graph">{"@context":"https://schema.org","@graph":[{"@type":"WebPage","@id":"https://www.redegal.com/es/eventos/redegal-forinvest/","url":"https://www.redegal.com/es/eventos/redegal-forinvest/","name":"Redegal en Forinvest 2026 - Redegal","isPartOf":{"@id":"https://www.redegal.com/es/#website"},"primaryImageOfPage":{"@id":"https://www.redegal.com/es/eventos/redegal-forinvest/#primaryimage"},"image":{"@id":"https://www.redegal.com/es/eventos/redegal-forinvest/#primaryimage"},"thumbnailUrl":"https://www.redegal.com/wp-content/uploads/2026/02/Linkedin-post-26-02-scaled.png","datePublished":"2026-02-26T11:16:00+00:00","dateModified":"2026-02-26T11:16:06+00:00","description":"Redegal estará en Forinvest el próximo 11 y 12 de marzo en Feria de Valencia. ¡Te esperamos allí para conocer nuestro posicionamiento en el mercado bursátil!","breadcrumb":{"@id":"https://www.redegal.com/es/eventos/redegal-forinvest/#breadcrumb"},"inLanguage":"es","potentialAction":[{"@type":"ReadAction","target":["https://www.redegal.com/es/eventos/redegal-forinvest/"]}]},{"@type":"ImageObject","inLanguage":"es","@id":"https://www.redegal.com/es/eventos/redegal-forinvest/#primaryimage","url":"https://www.redegal.com/wp-content/uploads/2026/02/Linkedin-post-26-02-scaled.png","contentUrl":"https://www.redegal.com/wp-content/uploads/2026/02/Linkedin-post-26-02-scaled.png","width":2560,"height":1440},{"@type":"BreadcrumbList","@id":"https://www.redegal.com/es/eventos/redegal-forinvest/#breadcrumb","itemListElement":[{"@type":"ListItem","position":1,"name":"Home","item":"https://www.redegal.com/es/"},{"@type":"ListItem","position":2,"name":"Eventos","item":"https://www.redegal.com/es/eventos/"},{"@type":"ListItem","position":3,"name":"Redegal en Forinvest 2026"}]},{"@type":"WebSite","@id":"https://www.redegal.com/es/#website","url":"https://www.redegal.com/es/","name":"Redegal","description":"","publisher":{"@id":"https://www.redegal.com/es/#organization"},"potentialAction":[{"@type":"SearchAction","target":{"@type":"EntryPoint","urlTemplate":"https://www.redegal.com/es/?s={search_term_string}"},"query-input":{"@type":"PropertyValueSpecification","valueRequired":true,"valueName":"search_term_string"}}],"inLanguage":"es"},{"@type":"Organization","@id":"https://www.redegal.com/es/#organization","name":"Redegal","url":"https://www.redegal.com/es/","logo":{"@type":"ImageObject","inLanguage":"es","@id":"https://www.redegal.com/es/#/schema/logo/image/","url":"https://www.redegal.com/wp-content/uploads/2025/05/Logo-Redegal.svg","contentUrl":"https://www.redegal.com/wp-content/uploads/2025/05/Logo-Redegal.svg","width":"1024","height":"1024","caption":"Redegal"},"image":{"@id":"https://www.redegal.com/es/#/schema/logo/image/"},"sameAs":["https://facebook.com/Redegal/","https://www.instagram.com/_redegal/","https://www.linkedin.com/company/redegal/","https://www.youtube.com/channel/UCDXwbtEULPIYV2I1ugDzeUw","https://x.com/redegal"]}]}</script>
<!-- / Yoast SEO plugin. -->

Redegal estará en Forinvest el próximo 11 y 12 de marzo en Feria de Valencia. ¡Te esperamos allí para conocer nuestro posicionamiento en el mercado bursátil!
